(g)?
7
Let p be 4/16*(-36)/(-3). Suppose 124 = p*f + f. What is the tens digit of f?
3
Let y(g) = g**2. Let t be y(0). Suppose 4*b = k + 37, -5*k = 2*b + 9 - t. Suppose b = 5*n - 7. What is the units digit of n?
3
What is the units digit of (-9)/6*(-56)/(-21) - -144?
0
Let t(n) = n + 1. Let v be t(1). Suppose -1 = v*q - 3. What is the units digit of (q + -2)/((-1)/7)?
7
Let u(w) = 7*w - 9. Let d(m) = -15*m + 19. Let h(o) = 6*d(o) + 13*u(o). Suppose 7*t - 18 = 4*t. What is the units digit of h(t)?
3
Let m(v) = -v**2 + 5*v. Let k be m(4). Let u = k - 0. Suppose -15 = 5*z, 8*t + u*z = 4*t. What is the units digit of t?
3
Suppose 8*k = 3*k + 10. Let h(i) = i - 4. Let v be h(k). Let o(m) = -3*m. What is the units digit of o(v)?
6
Suppose -1 = -v + 2, 0 = 4*a + 4*v - 548. What is the units digit of a?
4
Let q be 7*-3*(-2 - -1). Let z be (-6)/q - (-60)/14. Let p = 7 - z. What is the units digit of p?
3
Suppose -2*q + 3*m + 5 + 5 = 0, 2*q - 10 = -2*m. Let g = q + -7. Let t = g + 3. What is the units digit of t?
1
Let l(s) = 2*s**2 + 8*s - 3. Let n(h) = -h**2 - 4*h + 1. Let d(i) = -3*l(i) - 7*n(i). Suppose 0*a - 4*a - 16 = 0. What is the units digit of d(a)?
2
Let m = 10 - -5. Suppose h + n - m = -2*h, 0 = 3*h - 2*n - 15. What is the units digit of h?
5
Suppose -5*y + 715 = -155. What is the hundreds digit of y?
1
Let m(q) = -3*q + 14. Suppose -42 = -5*c + 13. Let t be m(c). Let x = t + 36. What is the tens digit of x?
1
Let u be (2/6)/((-5)/(-90)). Let n be 2/u + 119/21. Suppose -2*f - n = -5*f. What is the units digit of f?
2
Let g(r) = r. Let v be g(0). Suppose 2*p + 5 = q, q - 2*q - p + 2 = v. Suppose -m + 48 = q*m. What is the units digit of m?
2
Let f(v) = 2*v**2 + 5*v - 3. Suppose -i = -0*i + 38. Let w be (-4)/(-18) + i/9. What is the units digit of f(w)?
9
What is the tens digit of 1 - (975/(-26))/((-2)/(-4))?
7
Let q = 20 + 3. What is the units digit of q?
3
Let h(a) = 66*a**2. Let d be h(1). Suppose 2*r = 3*l - 2*l + d, 172 = 5*r + l. What is the units digit of r?
4
Let y(h) = h**3 - 6*h**2. Let t be y(6). Suppose -5*w + 3 = -2*w - 3*a, t = 4*w + a + 1. What is the tens digit of (-2 + w)*(-11)/2?
1
Let b be (-8)/(-1*2) + -1. Let f be b + -2 - 2*-1. What is the units digit of -2 - (-1 + f*-1)?
2
Suppose 2*q + 5 = -3. Let a = 5 + q. Suppose y - a = 1. What is the units digit of y?
2
Suppose 2*d = -2*r - 26, 3*d + 39 = r - 0*r. Let b = d + 19. What is the units digit of b?
6
Suppose 0 = 3*f + m - 17, 3*f - 20 = 2*m - 0. Suppose 0*o + f = 2*o. Suppose 3*d - 5*b - 14 = -2, o*b = 0. What is the units digit of d?
4
Let s(j) = -64*j**3 + 5*j**2 - 3 + 7*j - 2 + 63*j**3. What is the tens digit of s(5)?
3
Suppose -3*k = -6*k + 27. Suppose 0 = -5*s + k*s - 92. What is the tens digit of s?
2
Suppose 2*c = -2*c + 32. Suppose c = v + 6. What is the units digit of v?
2
Let b = 12 - 1. What is the tens digit of b?
1
Suppose 5*b - 66 = -n, 5*n + b = 4*n + 74. What is the units digit of n?
6
Suppose 0 = -3*g + 5*s + 133, g - 2*s + 62 = 3*g. What is the units digit of g?
6
Let q(j) = 3 + 3*j + 3*j - j**2 - 4*j. Let i be q(3). Suppose i*k = -3*k - 5*h + 28, -3 = 2*k - h. What is the units digit of k?
1
Suppose -27 = -3*f - 6. What is the units digit of f?
7
Let a = 27 + 71. What is the units digit of a?
8
What is the hundreds digit of (-1875)/10*8/(-10)?
1
Let t be 224/10 + 20/(-50). Let d = -12 + t. What is the tens digit of d?
1
Let m(g) be the first derivative of -3 + 2/3*g**3 + g - 2*g**2. What is the units digit of m(3)?
7
What is the units digit of (4 + -45)*3/(-3)?
1
Suppose -5*g - 2*z + 4*z + 373 = 0, 5*g + 2*z = 377. What is the tens digit of g?
7
Suppose 7*s + 2*o - 82 = 3*s, 4*o = -4*s + 88. What is the tens digit of s?
1
Suppose 7*v = 5*v + 92. What is the tens digit of v?
4
Let u be (-3)/(-12) + 366/8. What is the units digit of u/10 + 6/15?
5
Let f(j) = 18*j**2 + 2. What is the units digit of f(-4)?
0
Let k = 18 + 65. What is the tens digit of k?
8
Suppose 0 = -24*d + 20*d + 12. Suppose -2*g - 6 = 4, 0 = d*w - 3*g - 75. What is the tens digit of w?
2
Let b(q) = -q**2 - 5*q + 6. Let j be b(-6). What is the tens digit of (1 + j)/(8/88)?
1
Let d(w) = -7*w**3 + 5*w**2 + 9*w + 3. Let j(h) = 20*h**3 - 15*h**2 - 26*h - 9. Let f(q) = 17*d(q) + 6*j(q). What is the units digit of f(6)?
5
Let f = -27 - -39. Suppose -2 = 5*i - f. What is the units digit of 6 + 1 - i - -1?
6
Suppose -5*k + 15 = 5*z, k + 3*z - 1 = -4. Suppose 0 = -y + d + 4, -y - d - 20 = -k*y. What is the units digit of y?
4
Suppose -4*a + 4*o = -140, 0 = 4*a - 3*a + 2*o - 44. What is the units digit of a?
8
Suppose 3*o + 35 = z, -o - 3*o = z - 49. What is the tens digit of z?
4
Let j be 2/4*(2 - 12). Let t = j - -4. Let b(u) = u + 2. What is the units digit of b(t)?
1
Suppose 4*p + 4*q - 92 = 0, q - 11 = p - 36. Let l = p - 7. What is the tens digit of l?
1
Suppose -5*z + n + 142 = 0, 5*n - 4*n = -4*z + 119. Let w = z - 8. Let v = -13 + w. What is the units digit of v?
8
Let n = -19 + 35. Suppose 0 = 4*p - 7*p + 24. What is the units digit of 124/n + 2/p?
8
Let g = -76 + 128. What is the tens digit of g?
5
Suppose -4*i = -8*i + 92. What is the units digit of i?
3
What is the tens digit of 1149/9 - (-1)/(-6)*4?
2
Let o(q) = q**2 + 6*q - 7. Suppose 3*u = 9, -2*u + 17 = -5*p - 24. Let j be o(p). Suppose z + j*z = 10. What is the tens digit of z?
1
Let f(a) = 12*a**3 - a + 3. What is the units digit of f(2)?
7
Let r = 11 + 2. Suppose 3 - r = -2*v. What is the units digit of v?
5
Let t be 2/(-5) - 68/(-20). Suppose -t*d - 8 = -38. What is the tens digit of d?
1
Suppose -2*a + 2*y = 0, -5*a + 4*y - 1 - 1 = 0. Let i be -1*(0 - (-2 - a)). Suppose -5*d + 0 = -2*u + 1, -4*u - 2*d + 14 = i. What is the units digit of u?
3
Let v = -13 - -16. Let b be 37 + 2 + (-1 - 1). Suppose 2*c = -4*m + 38, v*c + b = m - 2*c. What is the tens digit of m?
1
Suppose -5*j = r + 178, 4*j - 5*r = -91 - 34. Let s = j + 49. What is the tens digit of s?
1
Suppose v - 4*h = 3, 3*v - 4*h = 11 - 2. Let u be 3 + 1*(-4 + 3). Suppose -11 = -3*x - u*f, 0 = v*x - 6*f + f - 25. What is the units digit of x?
5
Suppose 3 = -c, -3*i + 2*i + 83 = 3*c. What is the tens digit of i?
9
Suppose -139*r + 134*r = -885. What is the hundreds digit of r?
1
Let o be -1 + (-1 - 1*-6). Suppose -20 = 5*h, o = -k + 3*k - h. Let f = 8 - k. What is the units digit of f?
8
Let r(c) = -c**3 - 6*c**2 - 8. Let b be r(-6). Let v be 98/b + (-12)/16. Let u = v + 21. What is the units digit of u?
8
Let t = 64 - -206. What is the tens digit of t?
7
Suppose -z = -2*z + 5*n + 9, -z - 3*n = 15. Let r = z + 11. Suppose 4*t - 14 = -3*d, d + r*t - 10 = -2*d. What is the tens digit of d?
1
Let w(p) be the third derivative of p**6/120 - 3*p**5/20 + p**4/6 + p**3 - 5*p**2. What is the tens digit of w(9)?
4
Suppose 2 = -5*s - 8. Let t = s - -4. What is the units digit of (-11)/(-3) - t/(-6)?
4
Let q(l) = l**3 + 11*l**2 + 11*l + 10. Let w be q(-10). Let j be (w - -105)/3 - 3. What is the units digit of j/12 + 2/6?
3
Let r(p) = 2*p**2 - 3*p + 1. Let h be r(4). Let d = h + 3. Suppose 0 = -2*v + d - 0. What is the units digit of v?
2
Suppose 3*h + 18 = 2*m, 4*m - 4*h - 25 = m. What is the units digit of m?
3
Let o(u) be the third derivative of -13*u**6/120 + u**5/30 - u**4/12 + u**3/6 - u**2. Let v be o(1). Let c = -5 - v. What is the units digit of c?
7
Let o = 0 + -8. Let s be (-6)/24 + 230/o. Let f = -20 - s. What is the units digit of f?
9
Let a be (-38)/(-9) + 2/(-9). Let r be 6/a*12/6. Suppose r*z - f - 10 = 0, -2*z - 5*f + 5 = -6*z. What is the units digit of z?
5
Suppose -3*c - 129 = -4*v + 334, -v - 3*c = -127. What is the units digit of v?
8
Let q(p) = -p**3 - 10*p**2 - 17*p + 8. What is the tens digit of q(-8)?
1
Suppose 30 = 2*m - 2*l - 146, -l = m - 80. What is the units digit of m?
4
Let q = 151 - 102. What is the tens digit of q?
4
Let b(m) = -m**2 - 6*m. Let r be b(-5). Let g = 8 - r. Suppose 2 = g*n - 19. What is the units digit of n?
7
Let i = -2 - -2. Let j(d) = d**2 + 1. What is the units digit of j(i)?
1
Suppose -31 = -r - 7. What is the units digit of r?
4
What is the units digit of 2/(-4) - (-808)/16?
0
Suppose 0 = -o - 4*o - 15. What is the units digit of ((-42)/15)/(o/15)?
4
Suppose -4*o = 4*g - 36, -3*g = -0*g + 12. What is the units digit of o?
3
S